. List the prime factors of y.
2
Suppose 46 = -4*k - 14. Suppose 2*g - 3*y = -6, g + 2 + 10 = -3*y. List the prime factors of 4/g - 100/k.
2, 3
Let a be 1/(-2) + (-6)/12. Let m be 1/((2*a)/2). What are the prime factors of 12*m/(6/(-4))?
2
Let r = -18 + 35. What are the prime factors of r?
17
Suppose 3*x - 173 = 46. What are the prime factors of x?
73
Suppose -12 = -5*w - 2*p, -p + 2 - 5 = -2*w. Suppose 0*y + 8 = w*y. What are the prime factors of y?
2
Suppose -4*f + 4*w = 28, -3*w - w + 16 = 2*f. Let y = f - -7. What are the prime factors of y?
5
Let x be (60/(-25))/(2/(-15)). Suppose 0 = 5*h - h - 20. Suppose -x + 53 = h*d. What are the prime factors of d?
7
Suppose -583 = -4*i - 3*c, 5*i - 558 = i + 2*c. List the prime factors of i.
2, 71
Let y be 2*2/(-8)*46. Let m = 35 + y. What are the prime factors of m?
2, 3
Let r(l) = l**2 + 8*l + 12. What are the prime factors of r(-8)?
2, 3
Let v(g) = -g**2 + 2. Let q be v(0). Suppose -c = 3*r, q*c = -r - 2*r. Suppose 0 = 3*i - r*i - 15. What are the prime factors of i?
5
Let x be -6*(2/2 - 4). Let p = x - 8. List the prime factors of p.
2, 5
Let k(z) = 4*z**2 + 3*z + 4. Let o(j) = -11*j**2 - 8*j - 12. Let w(g) = -8*k(g) - 3*o(g). Let t be w(0). List the prime factors of t/14 + (-234)/(-14).
17
Let m(i) be the third derivative of i**5/6 - i**4/24 + i**2. What are the prime factors of m(-1)?
11
Let j = -2 + 2. Suppose j = k + k - 6. Suppose -28 = -k*z + 8. What are the prime factors of z?
2, 3
Suppose 0 = -2*g + 412 - 20. What are the prime factors of g?
2, 7
List the prime factors of ((-23)/2 + 1)*-6.
3, 7
Let g = -173 + 247. List the prime factors of g.
2, 37
Suppose a - 55 = -4*a. Let z(m) = m**2 - 9*m - 2. List the prime factors of z(a).
2, 5
Let q(y) = y**3 - 14*y**2 - 9. Let m be q(14). Suppose -4*d = -2*d - 42. Let i = m + d. What are the prime factors of i?
2, 3
What are the prime factors of (-10)/(-2)*(16 + 27)?
5, 43
Let t be ((-6)/(-6))/(1/4). Suppose 115 = a + t*a. List the prime factors of a.
23
Let c(q) = 13*q**2 + 3. Let m(p) = -65*p**2 - 16. Let k(z) = -11*c(z) - 2*m(z). Let n be k(1). Let u = n - -28. What are the prime factors of u?
2, 7
Let p(k) = -k + 4. Let s(v) = v + 3. Let q be s(-3). Let j be p(q). Let n = j + 8. List the prime factors of n.
2, 3
Suppose 2*u = s - 3, -2*u = -3*u. Suppose -2*h + 2*p = 0, 4*h - 2*h - 3*p = -s. Let b = 15 - h. List the prime factors of b.
2, 3
Suppose 2 - 17 = -3*w. List the prime factors of w.
5
Let w = 18 + -30. Let s = 31 + w. What are the prime factors of s?
19
Let o(t) = -t**2 + 10*t - 8. Let v be o(8). Let y = -6 + v. Suppose -y = -3*q + 19. What are the prime factors of q?
7
Suppose -2*f - 21 - 61 = 3*z, 3*z + f + 86 = 0. Suppose 0 = 3*w - 0*w - 27. List the prime factors of z/w*(-9)/6.
5
Let n = -3 - -8. Suppose 3*s + 0*b + 33 = 3*b, -s - 3*b = -n. Let i = s - -12. List the prime factors of i.
5
Suppose 0 = -2*z - 2*z - 2*k + 18, 0 = 5*z + 5*k - 35. Suppose 5 = -z*f + 1. List the prime factors of ((-8)/10)/(f/15).
2, 3
List the prime factors of (-25)/(-100) + 51/4.
13
Let v = 4 - 1. What are the prime factors of v - 1 - 30/(-3)?
2, 3
Suppose 2*m - 12 = 2*h, -h - h = 2*m + 4. Suppose -m*z + 15 = 37. Let k = z - -19. What are the prime factors of k?
2
Let c = -4 - -10. List the prime factors of c.
2, 3
What are the prime factors of (2/4)/((-5)/(-530))?
53
Suppose -2*m = -5*i - 6*m - 12, 3*i - 4*m - 12 = 0. Suppose 3*y - b - 31 = -i*b, 5*y - 45 = -5*b. List the prime factors of y.
2, 5
Let y be (2 - 1)*-1 - 1. Let g be y/5 - 37/(-5). Suppose 3*u = 5*w + g, -5*u + 17 = -5*w + 2*w. What are the prime factors of u?
2
Let n(d) = -d**3 + 8*d**2 + 9*d - 1. Let y be n(9). Let w = 3 + y. Let k = w - -6. What are the prime factors of k?
2
Suppose j + 501 = 2*t, 4*j - 320 - 652 = -4*t. What are the prime factors of t?
2, 31
Let w = 3 - 3. Suppose -5*x + 4*g + 235 = w, 224 = 5*x - 2*g - 21. Suppose 2*m - 2*d = 7*m - 96, 2*m + 5*d = x. What are the prime factors of m?
2, 3
Let m(p) = 28*p**2 - p. What are the prime factors of m(2)?
2, 5, 11
Let b = 80 + -41. List the prime factors of b.
3, 13
Let y = -15 + 43. Suppose 0*v - 4*v = -y. What are the prime factors of v?
7
Suppose -5*m = -5*i + 2*i - 233, -4*i = -2*m + 96. List the prime factors of m.
2, 23
Suppose 0 = 3*j - 21 - 66. What are the prime factors of j?
29
Suppose 3*t - 4*t = -10. Let c = t - 3. List the prime factors of c.
7
Let b(x) = -x - 1. Let i = 12 - 18. Let p be b(i). Suppose -l - 44 = -p*l. What are the prime factors of l?
11
List the prime factors of (-4)/(-1) - 0 - 0 - -218.
2, 3, 37
Suppose 14*m - 13 = 13*m. List the prime factors of m.
13
Let c = -21 - -30. Let i(o) = -1 - 7*o + c*o**2 + 0*o**3 + 0 - o**3. List the prime factors of i(8).
7
Suppose -5*d + 9 = -6. Suppose -w = d*w. Suppose 0 = 4*i - w*i - 20. What are the prime factors of i?
5
Suppose 0 = 4*z - 2*w + 10, 1 = -2*z - 4*w + 21. Suppose 2*o + 2*s - 23 - 21 = z, o + 3*s - 16 = 0. What are the prime factors of o?
5
Let n = -226 - -354. List the prime factors of n.
2
Let i = 36 + -14. Let a = -21 - -37. Let b = i - a. List the prime factors of b.
2, 3
Suppose 3*t - 3*l + 9 = 0, t + 1 - 28 = -5*l. Suppose -4*r - 4*n - 56 = 0, -2*r - t*r - n - 68 = 0. Let g = r + 26. What are the prime factors of g?
2
List the prime factors of 1/((1/20)/(8/5)).
2
Suppose 5 = u - 15. What are the prime factors of u?
2, 5
Let h be (3/2 + -1)*4. What are the prime factors of (-558)/(-27) - h/3?
2, 5
Let d = -5 + 9. Suppose 3*n - 43 = 5*x, 11 - 3 = -2*n - d*x. Suppose -i = -n - 0. What are the prime factors of i?
2, 3
Let y = -17 - -21. Suppose -y*s + 44 - 16 = 0. List the prime factors of s.
7
Suppose 5 - 10 = s. Let b be (-1)/s - 3/15. List the prime factors of (b - 2)/((-4)/16).
2
Suppose -h + 0 + 5 = 0. Suppose -4*z + h = 21. Let b = z - -17. What are the prime factors of b?
13
Let b(d) = d**3 - 8*d**2 + 9*d - 5. Let p be 3 + (8 - 0)/2. What are the prime factors of b(p)?
3
Let c(u) = -u**3 - 3*u**2 + u + 2. Suppose 3 = -3*m + 2*m. Let d be c(m). List the prime factors of 7 + (d - 1) + 3.
2
Let o = 70 - 50. Let n = o - 11. What are the prime factors of n?
3
Let z be (6 - -1) + 3 + -3. Let o = z - 3. What are the prime factors of o?
2
List the prime factors of 2/(2/(-52)*-4).
13
Suppose -i + 49 = n + 2, 0 = -n + 3. Let p = i - 23. What are the prime factors of p?
3, 7
What are the prime factors of 137*(-1)/3*-3?
137
Suppose -5*u + 75 = -4*k, 2*u + 2*k - 5 - 7 = 0. What are the prime factors of u?
11
Suppose m - 34 = -5*g, g + 0*g = -3*m + 46. Suppose 4*w - 2*i - 8 = 2*i, 5*w - 4*i - m = 0. What are the prime factors of w?
2, 3
Suppose 2*o = -3*o + 10. Suppose -a + o*a = 2. List the prime factors of a.
2
Suppose i = -2*s - 3*s - 11, -2*s - 52 = -3*i. Suppose 11 = b - i. What are the prime factors of b?
5
Let m = 85 - 19. List the prime factors of m.
2, 3, 11
Let x(k) = 20*k - 21. List the prime factors of x(9).
3, 53
Suppose m - 91 = -3*t + 188, 4*t - 4*m - 388 = 0. What are the prime factors of (t/(-6))/(5/(-15))?
47
Suppose 4*b - 24 = 2*z, 5*b = -4*z - 11 - 11. Let y be ((-2)/(-4))/(3/66). Let q = y + z. What are the prime factors of q?
3
Let b(i) be the first derivative of -i**2 - 5*i - 2. Suppose -5*c = -4*g + 10, 5*c + 0*g + 50 = -4*g. List the prime factors of b(c).
7
Suppose 0 = z + 2*q + 3, -q = -5*z + 3*z - 1. Let g be -2 + 5 + z + 2. Suppose -g = -2*n + 12. List the prime factors of n.
2
Let z(p) = -p - 3. Let m be z(-6). Suppose 2*j - h + m*h - 46 = 0, -4*j + 5*h = -119. What are the prime factors of j?
2, 13
Suppose -3*v = -b - 9, b - 3 = -v + 5*b. Suppose v*a - 6 = 15. List the prime factors of a.
7
Suppose 3*j - 208 = -4*d - 0*d, 0 = -2*d + 8. List the prime factors of j.
2
Let x(g) be the second derivative of g**5/120 + g**3/6 - 2*g. Let r(t) be the second derivative of x(t). List the prime factors of r(7).
7
Suppose 3*a = -3*k + 27, 2*k + a - 13 = 4*a. Suppose -k = -o + 11. List the prime factors of o.
19
Let i(p) = -p**2 - 5*p + 8. Let h be i(-6). Let j(m) = 0*m - 6 - 4*m + h*m. List the prime factors of j(-8).
2, 5
Suppose 0 = -3*j - 3*n + 12, j - 5*j - n + 13 = 0. Suppose 5*t = 5*f - 190, -f - j*t + 71 = f. List the prime factors of f.
37
Let y = 60 + -45. List the prime factors of y.
3, 5
Let j be (-2)/3 - 2/(-3). Suppos